h(z).
-7
Let f(x) = -x**3 - 5*x**2 - 4. Let w be f(-5). Let j(z) be the first derivative of -z**4/4 - 4*z**3/3 + z**2 + 3*z + 1. Give j(w).
-5
Let j(b) = 16*b**2 - 3*b - 24. Let t(f) = 3*f**2 - f - 5. Let k(u) = -2*j(u) + 11*t(u). Let h be 6 - (2/2 - 1). Give k(h).
-1
Let r(h) = -h. Let u(z) = 3*z + 2. Let a(x) = 5*r(x) + u(x). Let m be (-28)/42*(2 - -1). Calculate a(m).
6
Suppose 2*d + 5*l + 1 + 33 = 0, 5*l = -3*d - 41. Let f(y) = -y - 9. What is f(d)?
-2
Let t(m) = -m**2 + 5*m - 4. Let b(p) be the second derivative of p**5/20 - p**4/6 - p**3/2 + p**2 + 3*p. Let d be b(3). Suppose -d*n = -3*n + 4. Determine t(n).
0
Let b be (1 + -1)/(1 - 4). Let q(m) = m + 1. Calculate q(b).
1
Let q(m) = -1 - 18*m**2 + 157*m - 157*m. Suppose 2 = 3*n + 5. What is q(n)?
-19
Let x(c) be the second derivative of 2*c - c**2 - 1/20*c**5 + 1/120*c**6 + 1/6*c**4 + 0 - 1/2*c**3. Let b(z) be the first derivative of x(z). Give b(2).
1
Let x(y) = 23*y**3 + y**2 + y + 1. Let h = -13 - -12. Calculate x(h).
-22
Let d(v) be the third derivative of v**4/12 + 5*v**3/6 + v**2. Calculate d(-5).
-5
Suppose 3*b + 6 = -r - b, 4*r + 2 = -5*b. Let i be (-6)/(-15) - 46/(-10). Let c(z) = -i*z - z + 0*z. Determine c(r).
-12
Let y = -5 - -8. Let o(u) = 2*u - 2. Let p be o(y). Let x(h) = -2*h + 0*h + 4*h - 6. Determine x(p).
2
Suppose 0 = -4*a + 24 - 0. Let r be 2 - (2 - 2) - 2. Suppose r = a*h - h. Let y(c) = -c**2 - c - 5. What is y(h)?
-5
Let h(f) = f + 6. Let j(i) = -4 + 1 - i + 1. Let w be j(3). What is h(w)?
1
Let d be -4*(20/16 + -2). Let w(m) = -2*m**2 + 4*m + 1. Calculate w(d).
-5
Let d(n) = n**3 + 4*n**2 + 2*n. Suppose -8 = 6*p + 10. Let a be 96/(-28) + p/(-7). Calculate d(a).
3
Let j = 6 - 0. Suppose 0 = -5*b + j*b - 3. Let l(r) = -r**3 + 4*r**2 - r - 3. Calculate l(b).
3
Let p be (-127)/(-5) + (-4)/10. Let h be (-95)/p + 2/(-10). Let x(s) = s + 1. Let l(m) = -m**3 - 4*m**2 - 3. Let c(k) = -l(k) - 2*x(k). What is c(h)?
9
Let o(f) = 0 + 3 + 3*f + f**3 - 2 + 4*f**2. Let n(y) = -y + 3. Let p be n(6). Give o(p).
1
Let v(g) = -3*g**3 - 3*g**2 - 8*g - 6. Let c(u) = -3*u**3 - 3*u**2 - 7*u - 5. Let h(j) = -6*c(j) + 5*v(j). Give h(-2).
-16
Let k(b) = b**3 - 2*b - 1. Let q be k(2). Suppose 21 = 3*l - 3*m, 4*m - 3*m = 2*l - 11. Let u(s) = s**3 - s - 4*s**2 - l + 0*s**q - 2*s - s. What is u(5)?
1
Let q(n) = -5*n**3 + 11*n**2 + 3*n - 8. Let r(a) = -2*a + 3*a + a - a**3 + 7*a**2 - 2*a**3 - 5. Let y(o) = 5*q(o) - 8*r(o). Give y(-2).
6
Let x(l) = 4*l**3 + 2*l**2 - 2*l + 1. Let z be (15/4)/(6/(-24)). Let k be (-15)/6*6/z. What is x(k)?
5
Suppose -5 = 4*q + 3, 2*q - 2 = -2*n. Let k(s) = 5 - 2*s**3 + s**n + 5*s**2 - s**2 - 3*s. Let t = 3 + 1. Determine k(t).
-7
Let a(t) = -t**2 - 5*t - 3. Suppose 0 = -2*c + 4*n - 132, -n = -5*c - 2*n - 330. Let i be c/(-8) + (-1)/4. Let d be 30/(-8) + (-2)/i. Calculate a(d).
1
Suppose 5 = -43*o + 44*o. Let w(q) = -q**3 + 5*q**2 + q + 4. Determine w(o).
9
Suppose 2*l - 1 = 7. Let i(a) = -l*a + 5*a - 2*a - 7. Give i(-6).
-1
Let c(v) = -4*v + 6. Let g be c(2). Let r(i) = 5*i**2 - 3*i - 2. Calculate r(g).
24
Let b(w) be the first derivative of w**4/4 + w**3/3 + w**2/2 - 3. What is b(-1)?
-1
Let w(q) be the first derivative of -q**3/3 + q**2/2 + 60. What is w(-5)?
-30
Let u(x) = x**2 + 3*x + 2. Let q be u(-3). Suppose -6 = -4*c + z, q = -2*c + z - 3*z. Let b(j) = 21*j - 20*j + c + 9. What is b(0)?
10
Let w(c) = -c**2 + 4*c + 3. Let z be (-4)/(-2)*-10*-1. Let i be 56/z + 1/5. Suppose i*x = 2*x + 3. Give w(x).
6
Let w(n) = n - 1. Let u(x) = 2*x - 2. Let b(v) = 3*u(v) - 5*w(v). Suppose 0 = -o - 0*o - 1. Let d be -7 - -1*(2 - o). Determine b(d).
-5
Let v(x) = -x**3 - 10*x**2 - 3*x - 10. Let y(w) = 3*w**3 + 29*w**2 + 10*w + 29. Let a(f) = 11*v(f) + 4*y(f). What is a(-5)?
-4
Let p be -1 - (1 - (-6)/(-2)). Let r(v) be the first derivative of 5*v**2/2 - 2. What is r(p)?
5
Suppose -6 = -2*t - 3*b, -4*t = 5*b - 1 - 11. Let z(l) = l - 3. Give z(t).
0
Let y(h) = -2*h**2 + 3*h. Let x be 54/(-15)*10/(-4). Suppose 0 = c - x - 1. Suppose 3*u - c = 4*t - 0*t, -12 = -4*u + 4*t. What is y(u)?
-2
Let b(v) = 1 - 172*v + 171*v - 8. Give b(-6).
-1
Let b(d) = -4*d**2 + d + 1. Let p(r) = 9*r**2 - r - 3. Let j(h) = -7*b(h) - 3*p(h). Determine j(3).
-1
Let k(q) be the second derivative of q**5/10 + q**4/12 + q**2 - 11*q. Determine k(-2).
-10
Let u(f) = -f**2 + 10*f - 3. Let i be 9/2*(6 + 8 + -12). What is u(i)?
6
Let s = 0 - -6. Suppose -2*p + s = -0. Let u(c) = -2*c + 2 + 2 + 0. What is u(p)?
-2
Let f = 17 - 18. Let c(n) be the second derivative of -n**5/5 + n**4/12 + n**3/6 + n**2/2 - n. Give c(f).
5
Suppose 4*x - 20 = -0*x. Let h = 5 - x. Let m(u) = h*u - 2 + 4 + u. What is m(-3)?
-1
Let q(x) = 2*x. Suppose -6 = -2*t + 4*s - 16, 0 = -5*t - s + 19. Let b(k) = -k + 1. Let y(i) = t*b(i) + q(i). Calculate y(-4).
7
Let a(o) = -1 - 3*o + o + 2 + 8*o. Determine a(1).
7
Let u(r) = -2*r - 4. Let g be 2/(-10) - (-16)/5. Suppose k = g*k - 4. Suppose -f - 3 = k. Give u(f).
6
Let u be (-11 - (-9)/3)*-2. Suppose -5*g + u = -g. Let i(v) = 2*v - 2. Calculate i(g).
6
Let g(v) = v + 0*v - 2*v. Let z be (2/(-4))/((-4)/8). Suppose -4*u + 3 + z = -4*y, -y + 5*u - 1 = 0. Give g(y).
1
Let z(h) be the first derivative of h**4/4 - 2*h**3 + 3*h**2/2 - 4*h - 43. Calculate z(6).
14
Suppose -50 + 1 = -7*g. Let v(q) = q - 3. What is v(g)?
4
Let s be (-4)/(1/(2 - 0)). Let p(y) = -5*y. Let z(t) = -11*t - 1. Let u(l) = 13*p(l) - 6*z(l). Calculate u(s).
-2
Let v be 1/((-1)/(-4))*2. Suppose 0 = -3*t - 1 - v. Let f(u) = -u**3 - 3*u**2 - 3*u - 4. What is f(t)?
5
Let g(a) = 9*a - 7. Let k(z) = 4*z - 4. Let j(i) = -3*g(i) + 7*k(i). Let f(y) = 2*y - 14. Let m(w) = -3*f(w) + 5*j(w). Calculate m(5).
2
Let v(f) = 13*f**2 + 2*f - 6. Let h(i) = -4*i**2 - i + 2. Let q(n) = 7*h(n) + 2*v(n). Give q(2).
-12
Let b(o) = o**3 - 2*o**2 + 4*o - 2. Let c be b(2). Let q(v) = -3*v + 7. Give q(c).
-11
Let h(i) = 11*i. Let c(v) = -v**3 + 2*v**2 - 5*v - 2*v**3 + 6*v. Let n be c(-1). Let g = n + -3. Calculate h(g).
11
Let l(h) = -3*h + 1. Let b be l(2). Suppose -2*r = 1 - 7. Let y(g) = 0 - 2 + 6*g**2 + g**r - 5*g + 10*g. Determine y(b).
-2
Let v = 18 - 0. Suppose 2*d = 5*g - 5 - 16, 5*g - v = d. Let p(a) = -a**2 + a**g + 0*a**2 + 0*a**3. What is p(1)?
0
Let z(v) be the third derivative of -v**5/60 - 5*v**3/6 + 7*v**2. Determine z(0).
-5
Suppose 0 = 2*j - 4*j + 6. Let b(q) = -4 + 0*q**j + q + q**3 - q**2 - 2*q**3. Let d be -3 + 1 + (-1 - -3). What is b(d)?
-4
Let c(h) = 4 - h + 8*h**3 - h - 16*h**3 - 2*h**2 + 9*h**3. Calculate c(3).
7
Let f(m) = -12*m + 8*m - 4 + 1 + 3*m. Give f(-3).
0
Suppose -z = 3*b + 13, -3*z = -6*z + b + 11. Suppose z*u + 5 = u. Let r(f) = f - 1. Calculate r(u).
-6
Let z(p) = -p + 6. Let k be 4 - 8/(0 + 4). Let r be (k - -4)/2 + 3. Give z(r).
0
Suppose -13 = 2*i + 21. Let a be i/4 + 2/8. Let w(u) = -u - 5. Calculate w(a).
-1
Let l(u) = -u**2 - 3*u. Suppose 0 = 3*a + 161 - 146. Give l(a).
-10
Let z(m) = m**2 + 6*m + 2. Let o(l) = l**3 + 2*l**2 - l. Let s be o(-3). What is z(s)?
2
Let h be 6/(-36) - (-86)/12. Let c = 7 - 10. Let l = h + c. Let i(j) = j**3 - 6*j**2 + 6*j - 6. Give i(l).
-14
Let p(g) be the second derivative of -1/20*g**5 + 0 - g + 0*g**2 + 5/12*g**4 - g**3. What is p(4)?
-8
Let v(k) = -2*k**2 + k + 1. Suppose -2*s = -3*x + 109, x + 0*x - s = 38. Let n be 6/x - 26/22. Let u(r) = -r - 1. Let p(i) = n*u(i) - v(i). What is p(-1)?
2
Let h be 1/4 + 105/28. Suppose -5*s + 4*f + 22 = -h, 4*f + 20 = 4*s. Suppose -w = w + s. Let y(r) = r + 4. What is y(w)?
1
Suppose -2*k + 2*z + 4 = -0*k, -8 = 4*z. Let s(m) be the second derivative of 3*m - 3/2*m**2 + 1/6*m**3 + k. Determine s(4).
1
Let c(h) = -h + 5. Let u be (-6)/(-105)*7 - (-56)/10. Determine c(u).
-1
Suppose -4*j = -5*t + j + 35, t - 16 = 4*j. Suppose -t*r + 0*r = 8. Let k(p) = -2*p**2 - 3*p - 1. What is k(r)?
-3
Let r(a) = -a**3 - 5*a**2 - a + 1. Let z be r(-4). Let l = -15 - z. Let n = l + 2. Let b(j) = j**3 - 3*j - 1. Calculate b(n).
-3
Suppose 4*m = -u - 1, m - 3*u - 10 = -7. Let h(t) = -4*t**3 + 3*t**2 + t - 5. Let b(f) = -9*f**3 + 7*f**2 + 2*f - 10. Let g(w) = 3*b(w) - 7*h(w). What is g(m)?
5
Let p(f) = 0*f**3 + 0 + 8*f - f**3 + 5 + 0 + 7*f**2. Calculate p(8).
5
Let l(v) = -v - 8. Let u(a) = 2. Let t(d) = 2*l(d) + 10*u(d). Determine t(3).
-2
Let f be (-3)/1 - (-